= -d + 11. Let l be j(9). Suppose 5*i = 5*r - 50, 0*r = r - 3*i - 18. Suppose l*q + q = r. What is the units digit of q?
2
Let l = -1896 - -2664. What is the tens digit of l?
6
Let v be (2/(-6))/((-1)/3). Let b be (-16)/v*(-9)/(-12). What is the tens digit of 9/b*-4 + 13?
1
Let b = 865 + -339. What is the hundreds digit of b?
5
Let a(k) = -3*k + 10. Let c be a(22). Let y be 18/(1/(28/6)). Let z = c + y. What is the tens digit of z?
2
Suppose 126 - 26 = 5*q - 5*j, 2*j = -2*q + 24. Suppose 0 = -2*i - 2*i + q. Suppose w + 17 - 1 = 2*k, -i*k + 4*w + 40 = 0. What is the units digit of k?
6
Let y(l) = -l - 2. Let v be y(-7). Let c be -1*0*(-4 + v). Let b(x) = -x**2 - x + 9. What is the units digit of b(c)?
9
Let s(l) = 206*l - 45. What is the tens digit of s(3)?
7
Let j = 6917 + -3765. What is the units digit of j?
2
Let u = -17 + 18. Let c(m) = 2*m**3 - 2*m**2 + 1. Let o be c(u). Suppose -x + o = -0*x. What is the units digit of x?
1
What is the units digit of 10/(-5) + 5/(20/2864)?
4
Let n be 15/(-2)*(2 + (-78)/15). Let c(k) = -k**2 + 27*k + 24. What is the units digit of c(n)?
6
Suppose -11*b + 306 + 10166 = 0. What is the hundreds digit of b?
9
Suppose 5*m - 14 = 11. Suppose 5*h - 36 = -4*l, 4*l = 4*h + m*l - 20. Suppose -26 - 18 = -h*n. What is the tens digit of n?
1
Let d = -835 - -1530. What is the hundreds digit of d?
6
Suppose 0 = -s + 27 + 10. Suppose 3*m + 5*x - 139 = -m, -s = -m + x. What is the tens digit of m?
3
Let u(s) be the third derivative of s**5/30 + s**4/8 - 2*s**3/3 + 5*s**2. Let d be ((-6)/(-8))/(1/(-4)). What is the units digit of u(d)?
5
Suppose p = 3*s - 305, 88*s - 91*s - p = -301. What is the hundreds digit of s?
1
Suppose h + 3*t + 11 = 2*h, 0 = 5*h - 2*t - 3. What is the units digit of (h/(-3))/((-7)/(-63))?
3
Let z(s) = -2*s + 8. Let b be z(1). What is the units digit of (-8)/b*(-8478)/72?
7
Let i = -930 + 1255. What is the tens digit of i?
2
Let t(p) = p**2 - 15*p + 1. Let m be 2/6 + 212/12. What is the units digit of t(m)?
5
Let u(z) = -2*z**3 - 3*z**2 - z + 4. Suppose -62 = -5*k + 2*n, -4*k + 3*n - 26 = -5*k. Let y = 11 - k. What is the units digit of u(y)?
4
Suppose -16*l + 10872 = -4344. What is the units digit of l?
1
Let l = -16 - -14. What is the units digit of -4*((-23)/l)/(-1)?
6
Suppose 3*p - 3*q = 54, -p = -2*p + 2*q + 13. Let f = 11 - 7. Suppose -f*l - 3*d + 70 = -22, -p = -l - 3*d. What is the tens digit of l?
2
Let z(o) = 5*o + 24. Let h be z(7). Let d = 109 + h. What is the units digit of d?
8
Let h(c) = c**3 + 16*c**2 + 18*c. Let l be h(-15). Let x = l - -184. Suppose x - 49 = 3*i. What is the tens digit of i?
3
What is the hundreds digit of 2995/7 - (4 + (-232)/56)?
4
Suppose -2*f - 9*h + 6*h = -4896, 2*f - h = 4888. What is the tens digit of f?
4
Suppose -3 = r - 1. What is the units digit of r - -2 - -1*18?
8
Let t(q) = 4*q**3 - 2*q**2 - 5*q + 7. Let c(n) = n**2 - 9*n - 7. Let l be c(10). What is the units digit of t(l)?
2
Let u(y) = 162*y + 17. What is the units digit of u(9)?
5
Let d be 111 - 3*4/12. Suppose -2*y + 306 = d. What is the units digit of y?
8
Let w = -33 - -27. What is the hundreds digit of 2 - 0 - 696/w?
1
Let u(f) = -f**3 - 2*f**2 + 4*f + 4. Let y be u(-5). Let z = -35 + y. Suppose -48 = -4*n + 4*k, n + n = -3*k + z. What is the tens digit of n?
1
Let z = 18 - 3. Let u = -28 + z. Let y = u + 19. What is the units digit of y?
6
Let i = -10 - 4. Let z = 19 + i. Suppose -z*h + 150 = -0*h + 5*q, 5*h + q - 158 = 0. What is the units digit of h?
2
Let f(y) = -221*y**3 - 3*y**2 + 2*y + 3. What is the hundreds digit of f(-1)?
2
Suppose 3*j + 0 + 1 = 2*n, 2*n - 16 = -2*j. Let s = 1 + j. Let y = s + 1. What is the units digit of y?
5
Suppose z + 2*q + 8 = 0, z + 5 = -3*q - 8. Let u(f) = f**3 - 1 - 3*f - 14*f**2 + 6*f - z - 2*f. What is the tens digit of u(14)?
1
Let s = -168 + 247. Suppose -128 = -3*a + s. What is the tens digit of a?
6
Let d = 16 + -18. Suppose 4 = n - 5*y, -2*n - y - 2*y + 60 = 0. Let j = d + n. What is the tens digit of j?
2
Let p(r) = r**3 + 35*r**2 - 22*r - 115. What is the hundreds digit of p(-35)?
6
Let w = 228 - 391. Let i = 228 + w. What is the units digit of i?
5
Let j = -17 + 19. Suppose -3*x + j*x = 3*i - 666, 2*x = -3*i + 663. What is the hundreds digit of i?
2
Let x(p) = 2*p**2 - 3*p. Let r be x(5). Suppose -675 = -r*k + 30*k. What is the tens digit of k?
3
What is the hundreds digit of -16*(-8)/96*291?
3
Let s be (30/(-135))/((-2)/18). Suppose -s*q + 70 = -3*w, -2*q - w - 4*w + 54 = 0. What is the units digit of q?
2
Let k = 11 - 10. Let j be (-26 - 0)*9/(-6). Suppose k = -2*w + j. What is the tens digit of w?
1
Let d(c) = -45*c**3 + c**2 - 2*c - 2. Suppose 3*z + 1 = -2. What is the tens digit of d(z)?
4
Suppose 1228 = 3*n - n + 4*o, -o = 4. Suppose -3*l - 2*m + 912 = -3*m, 2*l + 4*m = n. What is the hundreds digit of l?
3
What is the thousands digit of (-13 + 11459/14)*8/3?
2
Suppose -27*b + 24*b + 12 = 0. Let k(v) = -10*v. Let d(s) = -20*s - 1. Let z(l) = -4*d(l) + 7*k(l). What is the tens digit of z(b)?
4
Suppose -14*k + 2*k + 19476 = 0. What is the hundreds digit of k?
6
Let o(y) = -2 - y**2 - 3 - 6 + 20*y. What is the units digit of o(19)?
8
Let m(u) = 5*u - 40. Let h be m(9). What is the tens digit of ((-8)/h)/(-3 - 103/(-35))?
2
Suppose 0*j - j = -14. Let z = 6 + j. What is the tens digit of z + -3 + 1 - 1?
1
Let i(k) = -k**3 + 43*k**2 - 32*k - 101. What is the units digit of i(42)?
9
Let m be (-1106)/(-4) - ((-11)/(-2) - 5). Suppose -m = -3*t + t. What is the tens digit of t?
3
Suppose -2*c + 812 = 2*c. Let z = c + -26. What is the tens digit of z?
7
Suppose 6145 = 2*i + 605. What is the units digit of i?
0
Let t(j) = -j**2 - 19*j - 43. Let q be t(-16). Suppose 0*m + m = q*a + 248, -4*a = 0. What is the hundreds digit of m?
2
Suppose -526 = -4*s - f + 1334, 5*s - 4*f = 2346. What is the units digit of s?
6
Let i(g) be the first derivative of 2*g**3 + g**2/2 + g - 1. Let z be i(-1). Suppose -z = -3*n, 3*n + 0*n = -2*x + 28. What is the units digit of x?
1
Suppose 0 = -46*g + 117*g - 10224. What is the tens digit of g?
4
What is the hundreds digit of (6 - (-7 - -19)) + 408?
4
Let d be (-52)/(-10) + 6/(-30). Suppose -d*w = -5*t + 25, t = w - 6*w - 37. What is the units digit of (42/(-10))/(w/35)?
1
Let j = 33 + 16. Let s = -18 + j. What is the tens digit of s?
3
Let p = -77 + 69. Suppose 0 = 3*y + 3*c - 3, c - 21 = -2*y - 3*y. What is the tens digit of 26 - 0 - (y + p)?
2
Suppose 4*b + 4*u + 8 = -0, -5*b = 2*u - 2. Suppose b*y - 8 = 2, -2*y + 620 = 5*h. What is the units digit of h?
2
Let o(v) = 95*v - 312. What is the hundreds digit of o(23)?
8
Suppose 34*z - 43*z = -2430. What is the hundreds digit of z?
2
Let a(n) = -n**2 + 30*n - 57. What is the hundreds digit of a(23)?
1
Let h be -6*(-3)/6 - -4. Suppose -2*k + h = -9. Suppose 3*u + k = 3*c + 4*u, 2*u = 4. What is the units digit of c?
2
Suppose 3319 = 7*o - 6397. What is the units digit of o?
8
Let l(n) = -n**3 + 4*n**2 - 4*n + 6. Let r be l(3). Suppose 182 = 4*x - r*z + 596, -504 = 5*x + 3*z. What is the units digit of x/(-10) + (-15)/75?
0
What is the tens digit of ((-12468)/(-21))/((28/(-49))/(-2))?
7
What is the units digit of (2 + (-250)/20)*-122?
1
Suppose 0 = -g - 19 + 6. Let n be 28*(-3 + g/(-4)). Let x = n + 2. What is the units digit of x?
9
Let g be 1*(2 + 0 + 0). Suppose -x + 397 = 4*f + 2*x, g*x - 98 = -f. What is the hundreds digit of f?
1
Let y(b) = 133*b - 225. What is the hundreds digit of y(11)?
2
Let j(r) = 4*r**3 - 41*r**2 - r + 21. Let y(l) = l**3 - 10*l**2 + 5. Let q(a) = -2*j(a) + 9*y(a). What is the hundreds digit of q(9)?
1
Let u(k) = -k**2. Let p(g) = g**3 + 4*g**2 + 23. Let j(i) = p(i) + 4*u(i). What is the units digit of j(0)?
3
Let r(h) = 33*h**2 - 4*h - 5. What is the tens digit of r(4)?
0
What is the tens digit of (6*1)/(699/231 + -3)?
3
Suppose l = -3*m - m + 59, 2*l = -2. What is the tens digit of (14 - 4)/((8/m)/4)?
7
Let a(g) = -g**2 - 5*g + 3. Let i be a(-5). Suppose 0*z = -i*z - 15. What is the tens digit of (-2 - (-3)/(-15))*z?
1
Let k = 84 + -75. Suppose -j = k*j - 2510. What is the tens digit of j?
5
Let w = -9 - -7. Let o be (-3 - (-1 + w)) + 3. Suppose 5*k - 25 = 0, -15 = -y - 4*y + o*k. What is the units digit of y?
6
Let o(f) = f**3 + f**2 - 3*f + 9. S